 What is the highest common divisor of p and n?
14
Suppose 53 = -5*f + 428. Suppose b - f = -v, b - 3*v - 20 = 43. What is the highest common divisor of b and 8?
8
Suppose -5*h + s + 69 = -5, h - 6 = -2*s. Suppose 2*n = -2, 0 = -3*x - 2*x - n + 629. Calculate the greatest common factor of x and h.
14
Let o(k) = 28*k**2 + 1. Let u be o(-1). Suppose 5*b + 2*y + y = 30, -3*b - 4*y = -u. Calculate the highest common divisor of 6 and b.
3
Let p be 14*3*(-2)/(-6). Calculate the highest common factor of 28 and p.
14
Let i be (-13)/(-2*2/8). What is the highest common factor of 52 and i?
26
Let y = 41 - 32. What is the highest common divisor of y and 18?
9
Let r = -75 - -213. Suppose 4*g = 2*g + r. Let y = 101 - g. Calculate the greatest common factor of y and 48.
16
Suppose -5*m = -4*f + 240, 2*m - 5*f + f + 84 = 0. Suppose -2*j + 5*j + 270 = 0. Let o = m - j. Calculate the highest common factor of o and 57.
19
Let z be 1 - (0 - -5) - (-92 - -11). Let w = 3 - 5. Let r be (w - -3*1) + 10. What is the highest common divisor of z and r?
11
Suppose -10 = m - 6*m. Suppose m*t - 53 - 129 = 0. Let a = 8 + 5. What is the greatest common divisor of t and a?
13
Suppose -27 = -2*z + 25. Suppose 4*m - 6 = 5*k + 113, -k - 29 = -m. Calculate the highest common factor of m and z.
26
Let d = 76 + -37. Let q = 72 - 46. What is the greatest common factor of q and d?
13
Let v be (2/(-10))/((-48)/3120). Suppose 0 = 4*m + b - 107, -5*m - 3*b - 72 = -211. What is the greatest common divisor of v and m?
13
Suppose 0 = -3*g + 7 + 2. Suppose -o = g*o - 64. Suppose -5*a + 38 = 3*y - 57, 0 = 5*a - 3*y - 65. What is the highest common divisor of o and a?
16
Suppose -l + r - 77 = -6*l, -5*r - 20 = -2*l. What is the greatest common divisor of 25 and l?
5
Suppose -m + 4*d - 15 = -0*m, 0 = -d + 4. Suppose 2*j = 5*j. Suppose 0*y - 4*y - 11 = 5*s, j = 2*y - s - 5. Calculate the greatest common factor of m and y.
1
Let a(s) = -s**3 + 8*s**2 - 10*s - 1. Let r be a(5). Calculate the greatest common divisor of r and 12.
12
Suppose 1056 = 16*m - 8*m. What is the greatest common divisor of m and 33?
33
Suppose 3*z - 45 = -2*z. Let i be (-2)/8 - 87/(-12). Let l = i - 4. Calculate the greatest common divisor of l and z.
3
Suppose 5*s + 370 = 5*z, -3*z = -7*z + 3*s + 292. Calculate the highest common factor of 5 and z.
5
Let o be (-190)/(-8) + 1/4. Let s be 1/((3/(-309))/(-1)). Suppose 2*q = -5*y + s + 203, -3*y + 5*q = -165. Calculate the greatest common divisor of o and y.
12
Let j(m) = 11*m - 8. Let g be j(8). Let b = 354 - 229. Let n = b - g. What is the greatest common divisor of 30 and n?
15
Let j(z) be the second derivative of z**3/6 + z**2 + 2*z. Let v be j(0). What is the greatest common divisor of v and 18?
2
Let w(s) = -3*s. Let l be w(1). Let o = l + 6. Suppose -o*u + 30 = v, 47 = -u + 5*u - v. Calculate the greatest common factor of 88 and u.
11
Suppose 2 = 2*r - 2*n, 0*n - 23 = 5*r + 2*n. Let t = 5 + r. Suppose t + 12 = 2*x. What is the greatest common divisor of x and 1?
1
Suppose 8*s - 9*s - t + 9 = 0, -2*t = 5*s - 54. What is the greatest common factor of 48 and s?
12
Let t = 1 - -1. Suppose 3*k = -3*w - 36, -2*w + 6*w + 2*k + 54 = 0. Let o be ((-132)/w)/((-4)/(-10)). What is the greatest common divisor of o and t?
2
Let q = 134 + -50. What is the greatest common factor of 12 and q?
12
Let d(g) = -2*g**2 + 2*g + g**3 + 3*g**3 - 3 - 3*g**3 + 0*g. Let a(t) = t + 8. Let q be a(-5). Let b be d(q). Calculate the greatest common factor of 84 and b.
12
Let p be (-3*17)/(6/(-4)). Calculate the highest common divisor of p and 51.
17
Suppose -5*f + 28 = -3*f. Suppose -n - 4 = 4. Let s be (126/4)/((-2)/n). Calculate the highest common factor of s and f.
14
Suppose -4*v + 440 = -4*z, 0*v - z + 235 = 2*v. What is the highest common divisor of 5 and v?
5
Let n(g) = g - 5. Let f = 8 - 0. Let z be n(f). What is the greatest common factor of z and 3?
3
Let p(f) = 1 + f + 20*f**2 + 0*f + 16*f**2. Let t be p(-2). What is the highest common divisor of t and 13?
13
Suppose 9 + 4 = j + 5*z, j = -4*z + 17. Let b be 2/5*(j + -8). Calculate the highest common divisor of 80 and b.
10
Suppose -3*k + 14 = -13. Suppose 0*p = -4*p + 108. Calculate the highest common factor of k and p.
9
Let a(u) = 15*u**3 - u**2 + 3*u - 5. Let t be a(2). What is the greatest common divisor of t and 13?
13
Suppose 0 = 2*l - 6 + 4, 5*x - 5*l = 15. Let i = 7 + x. What is the greatest common divisor of 121 and i?
11
Let k be 4888/32 + 1/4. What is the highest common factor of k and 17?
17
Suppose 2*p + 3*q - 16 = -2*p, -4*p + 5*q + 16 = 0. Let r be (-1)/4 - 17/(-4). Suppose 232 = r*l + 56. Calculate the greatest common factor of l and p.
4
Suppose 0 = 12*a - 7*a - 25. Suppose 138 = 3*f + 2*c + c, 0 = 2*c - 2. Calculate the highest common factor of a and f.
5
Let y(o) = o + 3. Let s be y(-8). Let w = s - -8. What is the highest common divisor of 2 and w?
1
Let h be 2*(-15)/(-6) - 3. Suppose 7*b - h*b = 30. Calculate the greatest common factor of b and 42.
6
Let a be 30/4 - (-2)/(-4). Let d = 82 - 32. Suppose d = 2*l + 5*t, 2*t = -3*l + 95 + 2. Calculate the greatest common divisor of l and a.
7
Suppose g = 3*l - 88, -2*l + 56 = 5*g + 462. Let v = g - -151. What is the greatest common divisor of v and 46?
23
Let m be 19 - (3/4 - 3/(-12)). What is the greatest common divisor of m and 24?
6
Let z(b) = 17*b - 3. Let h be z(3). Let w = -2 - 1. Let t = 9 + w. What is the highest common factor of h and t?
6
Let k(c) = -2 - 3*c**2 - 4*c**2 - 4 - c**3 - 9*c. Let b be k(-6). What is the greatest common factor of b and 6?
6
Let t = 84 + -26. What is the greatest common factor of t and 29?
29
Let p = -2 - -18. Let o(c) = -c**3 - c + 16. Let i be o(0). What is the highest common divisor of i and p?
16
Let k(y) = 11*y + 1. Let r be k(1). Let h be (-36)/21*21/(-6). What is the greatest common factor of h and r?
6
Suppose n - 9 = 21. Suppose 4*j - 11 = -35. Let h(c) = -12*c + 3. Let p be h(j). What is the highest common factor of n and p?
15
Let c(v) = -v**2 - 6*v + 1. Let p be c(-5). Suppose 3*d + 6 = -3*o + 2*d, -5*d = -3*o - 6. Let z = o - -68. Calculate the greatest common divisor of z and p.
6
Suppose -2*q - 4 = -w + q, -4*w - 4*q = 32. Let p be (-1 + w)*-3 - 2. Calculate the highest common divisor of p and 80.
16
Let q(p) = -3*p - 6. Let x = 9 - 3. Let r be 1 - 7 - (-5 + x). Let g be q(r). Calculate the greatest common factor of 3 and g.
3
Let m be 6612/133 + 2/7. Calculate the highest common factor of m and 30.
10
Let t be (10/(-6) - -1)*-39. Suppose -w - 325 = -6*w. Calculate the highest common divisor of w and t.
13
Suppose -5*t + 5048 = -x, 5*t = -0*x - x + 5052. Let s be t/8 + 5/(-20). Calculate the greatest common factor of s and 14.
14
Suppose 2*o = -j + 321, -o + 147 = 4*j + j. Let q = 43 + -25. What is the greatest common divisor of q and o?
18
Let j = -8 + 19. Calculate the greatest common factor of j and 55.
11
Suppose -3*h + 0*h + 22 = 2*s, 0 = 3*h - 12. Suppose -5*n - 2*i + 21 = 0, 0 = s*n - i - 26 - 1. What is the highest common divisor of n and 1?
1
Let n = -33 + 73. Calculate the greatest common divisor of 200 and n.
40
Let w be 2 + 0 - -10 - -1. Suppose 0 = -2*k - 0*h - 3*h + w, -h + 13 = 5*k. Calculate the greatest common factor of 5 and k.
1
Suppose -258 = -2*a + 6*x - 2*x, 6 = -3*x. What is the greatest common factor of a and 25?
25
Suppose 0 = -2*h + 6. Suppose h*d - f - 103 = 0, d + 5*f = f + 30. Let q = -5 - -56. Calculate the highest common divisor of d and q.
17
Suppose 4*c = -5*m + 2*m + 64, 4*c - 4*m - 64 = 0. Calculate the highest common divisor of c and 80.
16
Let c(b) = b**3 + 5*b**2 + 2*b + 2. Let q(w) = w. Let j(y) = -c(y) + q(y). Let k be j(-5). Suppose -k = 3*s - 9. What is the greatest common factor of s and 8?
2
Suppose -5*u = -15, -2*k + 5*u - 30 = -3*k. Calculate the highest common factor of 15 and k.
15
Suppose -148 = -12*b + 152. What is the highest common factor of 50 and b?
25
Let r = -4 - -6. Suppose -1 = n - r. Calculate the highest common divisor of 5 and n.
1
Let a(c) = 14*c**2 - 5*c - 4. Suppose 26 = -4*z + 10. Let y be a(z). Let i = -141 + y. Calculate the highest common divisor of 9 and i.
9
Suppose -2*n + 4 = c - 2*c, 3*n = 6. Let v be 3*1 - (c + -5). Calculate the greatest common d